{"id":1728,"date":"2024-05-02T10:13:30","date_gmt":"2024-05-02T10:13:30","guid":{"rendered":"https:\/\/themes.wpxpro.com\/washify\/?page_id=915"},"modified":"2025-06-03T01:05:33","modified_gmt":"2025-06-03T01:05:33","slug":"blogs","status":"publish","type":"page","link":"https:\/\/platiniumhost.com\/blog\/","title":{"rendered":"Blogs"},"content":{"rendered":"\t\t<div data-elementor-type=\"wp-page\" data-elementor-id=\"1728\" class=\"elementor elementor-1728\">\n\t\t\t\t<div class=\"elementor-element elementor-element-00df56a e-flex e-con-boxed e-con e-parent\" data-id=\"00df56a\" data-element_type=\"container\" data-e-type=\"container\" data-settings=\"{&quot;background_background&quot;:&quot;classic&quot;}\">\n\t\t\t\t\t<div class=\"e-con-inner\">\n\t\t\t\t<div class=\"elementor-element elementor-element-3790e85 elementor-widget elementor-widget-xpro-post-grid\" data-id=\"3790e85\" data-element_type=\"widget\" data-e-type=\"widget\" data-settings=\"{&quot;column_grid&quot;:&quot;3&quot;,&quot;column_grid_tablet&quot;:&quot;2&quot;,&quot;column_grid_mobile&quot;:&quot;1&quot;,&quot;image_height&quot;:{&quot;unit&quot;:&quot;px&quot;,&quot;size&quot;:&quot;&quot;,&quot;sizes&quot;:[]},&quot;image_height_tablet&quot;:{&quot;unit&quot;:&quot;px&quot;,&quot;size&quot;:&quot;&quot;,&quot;sizes&quot;:[]},&quot;image_height_mobile&quot;:{&quot;unit&quot;:&quot;px&quot;,&quot;size&quot;:&quot;&quot;,&quot;sizes&quot;:[]},&quot;space_between&quot;:{&quot;unit&quot;:&quot;px&quot;,&quot;size&quot;:15,&quot;sizes&quot;:[]},&quot;space_between_tablet&quot;:{&quot;unit&quot;:&quot;px&quot;,&quot;size&quot;:15,&quot;sizes&quot;:[]},&quot;space_between_mobile&quot;:{&quot;unit&quot;:&quot;px&quot;,&quot;size&quot;:15,&quot;sizes&quot;:[]},&quot;content_height&quot;:{&quot;unit&quot;:&quot;px&quot;,&quot;size&quot;:&quot;&quot;,&quot;sizes&quot;:[]},&quot;content_height_tablet&quot;:{&quot;unit&quot;:&quot;px&quot;,&quot;size&quot;:&quot;&quot;,&quot;sizes&quot;:[]},&quot;content_height_mobile&quot;:{&quot;unit&quot;:&quot;px&quot;,&quot;size&quot;:&quot;&quot;,&quot;sizes&quot;:[]}}\" data-widget_type=\"xpro-post-grid.default\">\n\t\t\t\t<div class=\"elementor-widget-container\">\n\t\t\t\t\t\n\t\t<div class=\"xpro-post-grid-wrapper xpro-post-grid-layout-1\">\n\n\t\t\t\n\t\t\t\t<div class=\"xpro-post-grid-main cbp\">\n\n\t\t\t\t\t\n<div class=\"cbp-item xpro-post-grid-item\">\n\t\n\t<div class=\"xpro-post-grid-content\">\n\n\t\t\n\t\t\t\t\t<ul class=\"xpro-post-grid-meta-list\">\n\t\t\t\t\t\t\t\t\t\t\t\t\t\t\t<li class=\"xpro-post-grid-meta-date\">\n\t\t\t\t\t\t\t<i aria-hidden=\"true\" class=\"far fa-calendar\"><\/i>\t\t\t\t\t\t\tagosto 4, 2025\t\t\t\t\t\t<\/li>\n\t\t\t\t\t\t\t\t\t\t\t\t\t\t\t\n\t\t\t\t\t\t\t<\/ul>\n\t\t\n\t\t<a href=\"https:\/\/platiniumhost.com\/blog\/el-poder-de-la-tecnologia-en-la-era-digital-impulsando-el-futuro-con-platiniumhost\/\">\n\t\t\t<h2 class=\"xpro-post-grid-title\">El Poder de la Tecnolog\u00eda en la Era Digital: Impulsando el Futuro con PlatiniumHost<\/h2>\n\t\t<\/a>\n\n\t\t\n\t\t\t\t\t<p class=\"xpro-post-grid-excerpt\">El Poder de la Tecnolog\u00eda en la Era Digital: Impulsando el Futuro con PlatiniumHost La tecnolog\u00eda ha transformado radicalmente...<\/p>\n\t\t\t\t\t\t\t\t\t<div class=\"xpro-post-grid-author\">\n\t\t\t\t\t\t\t\t<div class=\"xpro-post-grid-author-content\">\n\t\t\t\t\t\t\t\t\t\t\t<span class=\"xpro-post-grid-author-title\">Autor<\/span>\n\t\t\t\t\t\t\t\t\t\t<a href=\"https:\/\/platiniumhost.com\/blog\/author\/pranet\/\" class=\"xpro-post-grid-author-name\">\n\t\t\t\t\t\tEquipo PlatiniumHost<\/a>\n\t\t\t\t<\/div>\n\t\t\t<\/div>\n\t\t\n\t\t\n\t<\/div>\n<\/div>\n\n<div class=\"cbp-item xpro-post-grid-item\">\n\t\t\t<div class=\"xpro-post-grid-image\">\n\t\t\t<img fetchpriority=\"high\" decoding=\"async\" width=\"437\" height=\"298\" src=\"https:\/\/platiniumhost.com\/blog\/wp-content\/uploads\/2025\/06\/litespeed.jpg\" class=\"attachment-full size-full\" alt=\"litespeed\" srcset=\"https:\/\/platiniumhost.com\/blog\/wp-content\/uploads\/2025\/06\/litespeed.jpg 437w, https:\/\/platiniumhost.com\/blog\/wp-content\/uploads\/2025\/06\/litespeed-300x205.jpg 300w, https:\/\/platiniumhost.com\/blog\/wp-content\/uploads\/2025\/06\/litespeed-150x102.jpg 150w\" sizes=\"(max-width: 437px) 100vw, 437px\" \/>\t\t\t\t\t<\/div>\n\t\n\t<div class=\"xpro-post-grid-content\">\n\n\t\t\n\t\t\t\t\t<ul class=\"xpro-post-grid-meta-list\">\n\t\t\t\t\t\t\t\t\t\t\t\t\t\t\t<li class=\"xpro-post-grid-meta-date\">\n\t\t\t\t\t\t\t<i aria-hidden=\"true\" class=\"far fa-calendar\"><\/i>\t\t\t\t\t\t\tmayo 25, 2025\t\t\t\t\t\t<\/li>\n\t\t\t\t\t\t\t\t\t\t\t\t\t\t\t\n\t\t\t\t\t\t\t<\/ul>\n\t\t\n\t\t<a href=\"https:\/\/platiniumhost.com\/blog\/litespeed-cache-7-0\/\">\n\t\t\t<h2 class=\"xpro-post-grid-title\">LiteSpeed Cache 7.0<\/h2>\n\t\t<\/a>\n\n\t\t\n\t\t\t\t\t<p class=\"xpro-post-grid-excerpt\">Este 25 de marzo de 2025, se lanz\u00f3 la tan esperada actualizaci\u00f3n del plugin LiteSpeed Cache a su versi\u00f3n...<\/p>\n\t\t\t\t\t\t\t\t\t<div class=\"xpro-post-grid-author\">\n\t\t\t\t\t\t\t\t<div class=\"xpro-post-grid-author-content\">\n\t\t\t\t\t\t\t\t\t\t\t<span class=\"xpro-post-grid-author-title\">Autor<\/span>\n\t\t\t\t\t\t\t\t\t\t<a href=\"https:\/\/platiniumhost.com\/blog\/author\/pranet\/\" class=\"xpro-post-grid-author-name\">\n\t\t\t\t\t\tEquipo PlatiniumHost<\/a>\n\t\t\t\t<\/div>\n\t\t\t<\/div>\n\t\t\n\t\t\n\t<\/div>\n<\/div>\n\n<div class=\"cbp-item xpro-post-grid-item\">\n\t\t\t<div class=\"xpro-post-grid-image\">\n\t\t\t<img decoding=\"async\" width=\"900\" height=\"317\" src=\"https:\/\/platiniumhost.com\/blog\/wp-content\/uploads\/2024\/05\/png-clipart-linux-linux.png\" class=\"attachment-full size-full\" alt=\"png-clipart-linux-linux\" srcset=\"https:\/\/platiniumhost.com\/blog\/wp-content\/uploads\/2024\/05\/png-clipart-linux-linux.png 900w, https:\/\/platiniumhost.com\/blog\/wp-content\/uploads\/2024\/05\/png-clipart-linux-linux-300x106.png 300w, https:\/\/platiniumhost.com\/blog\/wp-content\/uploads\/2024\/05\/png-clipart-linux-linux-150x53.png 150w, https:\/\/platiniumhost.com\/blog\/wp-content\/uploads\/2024\/05\/png-clipart-linux-linux-768x271.png 768w, https:\/\/platiniumhost.com\/blog\/wp-content\/uploads\/2024\/05\/png-clipart-linux-linux-170x60.png 170w, https:\/\/platiniumhost.com\/blog\/wp-content\/uploads\/2024\/05\/png-clipart-linux-linux-370x130.png 370w, https:\/\/platiniumhost.com\/blog\/wp-content\/uploads\/2024\/05\/png-clipart-linux-linux-780x275.png 780w\" sizes=\"(max-width: 900px) 100vw, 900px\" \/>\t\t\t\t\t<\/div>\n\t\n\t<div class=\"xpro-post-grid-content\">\n\n\t\t\n\t\t\t\t\t<ul class=\"xpro-post-grid-meta-list\">\n\t\t\t\t\t\t\t\t\t\t\t\t\t\t\t<li class=\"xpro-post-grid-meta-date\">\n\t\t\t\t\t\t\t<i aria-hidden=\"true\" class=\"far fa-calendar\"><\/i>\t\t\t\t\t\t\tmayo 13, 2024\t\t\t\t\t\t<\/li>\n\t\t\t\t\t\t\t\t\t\t\t\t\t\t\t\n\t\t\t\t\t\t\t<\/ul>\n\t\t\n\t\t<a href=\"https:\/\/platiniumhost.com\/blog\/las-ventajas-y-desventajas-de-linux\/\">\n\t\t\t<h2 class=\"xpro-post-grid-title\">Las ventajas y desventajas de Linux: todo lo que necesitas saber<\/h2>\n\t\t<\/a>\n\n\t\t\n\t\t\t\t\t<p class=\"xpro-post-grid-excerpt\">\u00bfEst\u00e1s buscando un sistema operativo alternativo? Linux podr\u00eda ser la respuesta que est\u00e1s buscando. En este art\u00edculo, exploraremos las...<\/p>\n\t\t\t\t\t\t\t\t\t<div class=\"xpro-post-grid-author\">\n\t\t\t\t\t\t\t\t<div class=\"xpro-post-grid-author-content\">\n\t\t\t\t\t\t\t\t\t\t\t<span class=\"xpro-post-grid-author-title\">Autor<\/span>\n\t\t\t\t\t\t\t\t\t\t<a href=\"https:\/\/platiniumhost.com\/blog\/author\/pranet\/\" class=\"xpro-post-grid-author-name\">\n\t\t\t\t\t\tEquipo PlatiniumHost<\/a>\n\t\t\t\t<\/div>\n\t\t\t<\/div>\n\t\t\n\t\t\n\t<\/div>\n<\/div>\n\n<div class=\"cbp-item xpro-post-grid-item\">\n\t\t\t<div class=\"xpro-post-grid-image\">\n\t\t\t<img decoding=\"async\" width=\"350\" height=\"235\" src=\"https:\/\/platiniumhost.com\/blog\/wp-content\/uploads\/2021\/06\/jhjkh.jpg\" class=\"attachment-full size-full\" alt=\"\" srcset=\"https:\/\/platiniumhost.com\/blog\/wp-content\/uploads\/2021\/06\/jhjkh.jpg 350w, https:\/\/platiniumhost.com\/blog\/wp-content\/uploads\/2021\/06\/jhjkh-300x201.jpg 300w, https:\/\/platiniumhost.com\/blog\/wp-content\/uploads\/2021\/06\/jhjkh-150x101.jpg 150w, https:\/\/platiniumhost.com\/blog\/wp-content\/uploads\/2021\/06\/jhjkh-164x110.jpg 164w\" sizes=\"(max-width: 350px) 100vw, 350px\" \/>\t\t\t\t\t<\/div>\n\t\n\t<div class=\"xpro-post-grid-content\">\n\n\t\t\n\t\t\t\t\t<ul class=\"xpro-post-grid-meta-list\">\n\t\t\t\t\t\t\t\t\t\t\t\t\t\t\t<li class=\"xpro-post-grid-meta-date\">\n\t\t\t\t\t\t\t<i aria-hidden=\"true\" class=\"far fa-calendar\"><\/i>\t\t\t\t\t\t\tjunio 9, 2021\t\t\t\t\t\t<\/li>\n\t\t\t\t\t\t\t\t\t\t\t\t\t\t\t\n\t\t\t\t\t\t\t<\/ul>\n\t\t\n\t\t<a href=\"https:\/\/platiniumhost.com\/blog\/el-helicoptero-de-la-nasa-realiza-con-exito-su-septimo-vuelo-en-marte\/\">\n\t\t\t<h2 class=\"xpro-post-grid-title\">El helic\u00f3ptero de la NASA realiza con \u00e9xito su s\u00e9ptimo vuelo en Marte<\/h2>\n\t\t<\/a>\n\n\t\t\n\t\t\t\t\t<p class=\"xpro-post-grid-excerpt\">Procesamiento de Telemetr\u00eda y Redes de Alta Disponibilidad El control remoto de dispositivos interplanetarios ilustra el nivel m\u00e1s extremo...<\/p>\n\t\t\t\t\t\t\t\t\t<div class=\"xpro-post-grid-author\">\n\t\t\t\t\t\t\t\t<div class=\"xpro-post-grid-author-content\">\n\t\t\t\t\t\t\t\t\t\t\t<span class=\"xpro-post-grid-author-title\">Autor<\/span>\n\t\t\t\t\t\t\t\t\t\t<a href=\"https:\/\/platiniumhost.com\/blog\/author\/pranet\/\" class=\"xpro-post-grid-author-name\">\n\t\t\t\t\t\tEquipo PlatiniumHost<\/a>\n\t\t\t\t<\/div>\n\t\t\t<\/div>\n\t\t\n\t\t\n\t<\/div>\n<\/div>\n\n<div class=\"cbp-item xpro-post-grid-item\">\n\t\t\t<div class=\"xpro-post-grid-image\">\n\t\t\t<img loading=\"lazy\" decoding=\"async\" width=\"350\" height=\"235\" src=\"https:\/\/platiniumhost.com\/blog\/wp-content\/uploads\/2021\/06\/jgkj.jpg\" class=\"attachment-full size-full\" alt=\"\" srcset=\"https:\/\/platiniumhost.com\/blog\/wp-content\/uploads\/2021\/06\/jgkj.jpg 350w, https:\/\/platiniumhost.com\/blog\/wp-content\/uploads\/2021\/06\/jgkj-300x201.jpg 300w, https:\/\/platiniumhost.com\/blog\/wp-content\/uploads\/2021\/06\/jgkj-150x101.jpg 150w, https:\/\/platiniumhost.com\/blog\/wp-content\/uploads\/2021\/06\/jgkj-164x110.jpg 164w\" sizes=\"(max-width: 350px) 100vw, 350px\" \/>\t\t\t\t\t<\/div>\n\t\n\t<div class=\"xpro-post-grid-content\">\n\n\t\t\n\t\t\t\t\t<ul class=\"xpro-post-grid-meta-list\">\n\t\t\t\t\t\t\t\t\t\t\t\t\t\t\t<li class=\"xpro-post-grid-meta-date\">\n\t\t\t\t\t\t\t<i aria-hidden=\"true\" class=\"far fa-calendar\"><\/i>\t\t\t\t\t\t\tjunio 5, 2021\t\t\t\t\t\t<\/li>\n\t\t\t\t\t\t\t\t\t\t\t\t\t\t\t\n\t\t\t\t\t\t\t<\/ul>\n\t\t\n\t\t<a href=\"https:\/\/platiniumhost.com\/blog\/space-x-esta-listo-para-lanzar-al-espacio-calamares-bebe-y-osos-de-agua\/\">\n\t\t\t<h2 class=\"xpro-post-grid-title\">Space X est\u00e1 listo para lanzar al espacio calamares beb\u00e9 y \u00abosos de agua\u00bb<\/h2>\n\t\t<\/a>\n\n\t\t\n\t\t\t\t\t<p class=\"xpro-post-grid-excerpt\"><\/p>\n\t\t\t\t\t\t\t\t\t<div class=\"xpro-post-grid-author\">\n\t\t\t\t\t\t\t\t<div class=\"xpro-post-grid-author-content\">\n\t\t\t\t\t\t\t\t\t\t\t<span class=\"xpro-post-grid-author-title\">Autor<\/span>\n\t\t\t\t\t\t\t\t\t\t<a href=\"https:\/\/platiniumhost.com\/blog\/author\/pranet\/\" class=\"xpro-post-grid-author-name\">\n\t\t\t\t\t\tEquipo PlatiniumHost<\/a>\n\t\t\t\t<\/div>\n\t\t\t<\/div>\n\t\t\n\t\t\n\t<\/div>\n<\/div>\n\n<div class=\"cbp-item xpro-post-grid-item\">\n\t\t\t<div class=\"xpro-post-grid-image\">\n\t\t\t<img loading=\"lazy\" decoding=\"async\" width=\"350\" height=\"235\" src=\"https:\/\/platiniumhost.com\/blog\/wp-content\/uploads\/2021\/06\/hdfkf.jpg\" class=\"attachment-full size-full\" alt=\"\" srcset=\"https:\/\/platiniumhost.com\/blog\/wp-content\/uploads\/2021\/06\/hdfkf.jpg 350w, https:\/\/platiniumhost.com\/blog\/wp-content\/uploads\/2021\/06\/hdfkf-300x201.jpg 300w, https:\/\/platiniumhost.com\/blog\/wp-content\/uploads\/2021\/06\/hdfkf-150x101.jpg 150w, https:\/\/platiniumhost.com\/blog\/wp-content\/uploads\/2021\/06\/hdfkf-164x110.jpg 164w\" sizes=\"(max-width: 350px) 100vw, 350px\" \/>\t\t\t\t\t<\/div>\n\t\n\t<div class=\"xpro-post-grid-content\">\n\n\t\t\n\t\t\t\t\t<ul class=\"xpro-post-grid-meta-list\">\n\t\t\t\t\t\t\t\t\t\t\t\t\t\t\t<li class=\"xpro-post-grid-meta-date\">\n\t\t\t\t\t\t\t<i aria-hidden=\"true\" class=\"far fa-calendar\"><\/i>\t\t\t\t\t\t\tjunio 4, 2021\t\t\t\t\t\t<\/li>\n\t\t\t\t\t\t\t\t\t\t\t\t\t\t\t\n\t\t\t\t\t\t\t<\/ul>\n\t\t\n\t\t<a href=\"https:\/\/platiniumhost.com\/blog\/microsoft-presentara-este-mes-la-actualizacion-mas-grande-de-windows\/\">\n\t\t\t<h2 class=\"xpro-post-grid-title\">\u00a1Tome nota! Microsoft presentar\u00e1 este mes la actualizaci\u00f3n m\u00e1s grande de su sistema operativo Windows!<\/h2>\n\t\t<\/a>\n\n\t\t\n\t\t\t\t\t<p class=\"xpro-post-grid-excerpt\"><\/p>\n\t\t\t\t\t\t\t\t\t<div class=\"xpro-post-grid-author\">\n\t\t\t\t\t\t\t\t<div class=\"xpro-post-grid-author-content\">\n\t\t\t\t\t\t\t\t\t\t\t<span class=\"xpro-post-grid-author-title\">Autor<\/span>\n\t\t\t\t\t\t\t\t\t\t<a href=\"https:\/\/platiniumhost.com\/blog\/author\/pranet\/\" class=\"xpro-post-grid-author-name\">\n\t\t\t\t\t\tEquipo PlatiniumHost<\/a>\n\t\t\t\t<\/div>\n\t\t\t<\/div>\n\t\t\n\t\t\n\t<\/div>\n<\/div>\n\n<div class=\"cbp-item xpro-post-grid-item\">\n\t\t\t<div class=\"xpro-post-grid-image\">\n\t\t\t<img loading=\"lazy\" decoding=\"async\" width=\"350\" height=\"235\" src=\"https:\/\/platiniumhost.com\/blog\/wp-content\/uploads\/2021\/05\/Sin-titulo-1.jpg\" class=\"attachment-full size-full\" alt=\"\" srcset=\"https:\/\/platiniumhost.com\/blog\/wp-content\/uploads\/2021\/05\/Sin-titulo-1.jpg 350w, https:\/\/platiniumhost.com\/blog\/wp-content\/uploads\/2021\/05\/Sin-titulo-1-300x201.jpg 300w, https:\/\/platiniumhost.com\/blog\/wp-content\/uploads\/2021\/05\/Sin-titulo-1-150x101.jpg 150w, https:\/\/platiniumhost.com\/blog\/wp-content\/uploads\/2021\/05\/Sin-titulo-1-164x110.jpg 164w\" sizes=\"(max-width: 350px) 100vw, 350px\" \/>\t\t\t\t\t<\/div>\n\t\n\t<div class=\"xpro-post-grid-content\">\n\n\t\t\n\t\t\t\t\t<ul class=\"xpro-post-grid-meta-list\">\n\t\t\t\t\t\t\t\t\t\t\t\t\t\t\t<li class=\"xpro-post-grid-meta-date\">\n\t\t\t\t\t\t\t<i aria-hidden=\"true\" class=\"far fa-calendar\"><\/i>\t\t\t\t\t\t\tmayo 29, 2021\t\t\t\t\t\t<\/li>\n\t\t\t\t\t\t\t\t\t\t\t\t\t\t\t\n\t\t\t\t\t\t\t<\/ul>\n\t\t\n\t\t<a href=\"https:\/\/platiniumhost.com\/blog\/mapa-de-la-materia-oscura\/\">\n\t\t\t<h2 class=\"xpro-post-grid-title\">El fascinante mapa de la materia oscura que revela un enigma c\u00f3smico<\/h2>\n\t\t<\/a>\n\n\t\t\n\t\t\t\t\t<p class=\"xpro-post-grid-excerpt\">High-Performance Computing (HPC) para An\u00e1lisis Cient\u00edfico Mapear el universo requiere la ingesta y el procesamiento de terabytes de datos...<\/p>\n\t\t\t\t\t\t\t\t\t<div class=\"xpro-post-grid-author\">\n\t\t\t\t\t\t\t\t<div class=\"xpro-post-grid-author-content\">\n\t\t\t\t\t\t\t\t\t\t\t<span class=\"xpro-post-grid-author-title\">Autor<\/span>\n\t\t\t\t\t\t\t\t\t\t<a href=\"https:\/\/platiniumhost.com\/blog\/author\/pranet\/\" class=\"xpro-post-grid-author-name\">\n\t\t\t\t\t\tEquipo PlatiniumHost<\/a>\n\t\t\t\t<\/div>\n\t\t\t<\/div>\n\t\t\n\t\t\n\t<\/div>\n<\/div>\n\n<div class=\"cbp-item xpro-post-grid-item\">\n\t\t\t<div class=\"xpro-post-grid-image\">\n\t\t\t<img loading=\"lazy\" decoding=\"async\" width=\"350\" height=\"235\" src=\"https:\/\/platiniumhost.com\/blog\/wp-content\/uploads\/2021\/05\/gf.png\" class=\"attachment-full size-full\" alt=\"\" srcset=\"https:\/\/platiniumhost.com\/blog\/wp-content\/uploads\/2021\/05\/gf.png 350w, https:\/\/platiniumhost.com\/blog\/wp-content\/uploads\/2021\/05\/gf-300x201.png 300w, https:\/\/platiniumhost.com\/blog\/wp-content\/uploads\/2021\/05\/gf-150x101.png 150w, https:\/\/platiniumhost.com\/blog\/wp-content\/uploads\/2021\/05\/gf-164x110.png 164w\" sizes=\"(max-width: 350px) 100vw, 350px\" \/>\t\t\t\t\t<\/div>\n\t\n\t<div class=\"xpro-post-grid-content\">\n\n\t\t\n\t\t\t\t\t<ul class=\"xpro-post-grid-meta-list\">\n\t\t\t\t\t\t\t\t\t\t\t\t\t\t\t<li class=\"xpro-post-grid-meta-date\">\n\t\t\t\t\t\t\t<i aria-hidden=\"true\" class=\"far fa-calendar\"><\/i>\t\t\t\t\t\t\tmayo 28, 2021\t\t\t\t\t\t<\/li>\n\t\t\t\t\t\t\t\t\t\t\t\t\t\t\t\n\t\t\t\t\t\t\t<\/ul>\n\t\t\n\t\t<a href=\"https:\/\/platiniumhost.com\/blog\/que-es-magento-y-por-que-es-importante-para-el-ecommerce\/\">\n\t\t\t<h2 class=\"xpro-post-grid-title\">Qu\u00e9 es Magento y por qu\u00e9 es importante para el Ecommerce<\/h2>\n\t\t<\/a>\n\n\t\t\n\t\t\t\t\t<p class=\"xpro-post-grid-excerpt\"><\/p>\n\t\t\t\t\t\t\t\t\t<div class=\"xpro-post-grid-author\">\n\t\t\t\t\t\t\t\t<div class=\"xpro-post-grid-author-content\">\n\t\t\t\t\t\t\t\t\t\t\t<span class=\"xpro-post-grid-author-title\">Autor<\/span>\n\t\t\t\t\t\t\t\t\t\t<a href=\"https:\/\/platiniumhost.com\/blog\/author\/pranet\/\" class=\"xpro-post-grid-author-name\">\n\t\t\t\t\t\tEquipo PlatiniumHost<\/a>\n\t\t\t\t<\/div>\n\t\t\t<\/div>\n\t\t\n\t\t\n\t<\/div>\n<\/div>\n\n<div class=\"cbp-item xpro-post-grid-item\">\n\t\t\t<div class=\"xpro-post-grid-image\">\n\t\t\t<img loading=\"lazy\" decoding=\"async\" width=\"720\" height=\"476\" src=\"https:\/\/platiniumhost.com\/blog\/wp-content\/uploads\/2021\/02\/desatcado-hero-tabs-1-home-partis-resp.jpg\" class=\"attachment-full size-full\" alt=\"5GB\" srcset=\"https:\/\/platiniumhost.com\/blog\/wp-content\/uploads\/2021\/02\/desatcado-hero-tabs-1-home-partis-resp.jpg 720w, https:\/\/platiniumhost.com\/blog\/wp-content\/uploads\/2021\/02\/desatcado-hero-tabs-1-home-partis-resp-300x198.jpg 300w, https:\/\/platiniumhost.com\/blog\/wp-content\/uploads\/2021\/02\/desatcado-hero-tabs-1-home-partis-resp-150x99.jpg 150w, https:\/\/platiniumhost.com\/blog\/wp-content\/uploads\/2021\/02\/desatcado-hero-tabs-1-home-partis-resp-166x110.jpg 166w, https:\/\/platiniumhost.com\/blog\/wp-content\/uploads\/2021\/02\/desatcado-hero-tabs-1-home-partis-resp-370x245.jpg 370w\" sizes=\"(max-width: 720px) 100vw, 720px\" \/>\t\t\t\t\t<\/div>\n\t\n\t<div class=\"xpro-post-grid-content\">\n\n\t\t\n\t\t\t\t\t<ul class=\"xpro-post-grid-meta-list\">\n\t\t\t\t\t\t\t\t\t\t\t\t\t\t\t<li class=\"xpro-post-grid-meta-date\">\n\t\t\t\t\t\t\t<i aria-hidden=\"true\" class=\"far fa-calendar\"><\/i>\t\t\t\t\t\t\tfebrero 5, 2021\t\t\t\t\t\t<\/li>\n\t\t\t\t\t\t\t\t\t\t\t\t\t\t\t\n\t\t\t\t\t\t\t<\/ul>\n\t\t\n\t\t<a href=\"https:\/\/platiniumhost.com\/blog\/cual-sera-la-tendencia-tecnologica-que-marcara-este-2021\/\">\n\t\t\t<h2 class=\"xpro-post-grid-title\">Tendencias tecnol\u00f3gicas 2021 que debes conocer<\/h2>\n\t\t<\/a>\n\n\t\t\n\t\t\t\t\t<p class=\"xpro-post-grid-excerpt\"><\/p>\n\t\t\t\t\t\t\t\t\t<div class=\"xpro-post-grid-author\">\n\t\t\t\t\t\t\t\t<div class=\"xpro-post-grid-author-content\">\n\t\t\t\t\t\t\t\t\t\t\t<span class=\"xpro-post-grid-author-title\">Autor<\/span>\n\t\t\t\t\t\t\t\t\t\t<a href=\"https:\/\/platiniumhost.com\/blog\/author\/pranet\/\" class=\"xpro-post-grid-author-name\">\n\t\t\t\t\t\tEquipo PlatiniumHost<\/a>\n\t\t\t\t<\/div>\n\t\t\t<\/div>\n\t\t\n\t\t\n\t<\/div>\n<\/div>\n\n<div class=\"cbp-item xpro-post-grid-item\">\n\t\t\t<div class=\"xpro-post-grid-image\">\n\t\t\t<img loading=\"lazy\" decoding=\"async\" width=\"636\" height=\"268\" src=\"https:\/\/platiniumhost.com\/blog\/wp-content\/uploads\/2019\/05\/deteccion-autentificacion-remitente-email-marketing.gif\" class=\"attachment-full size-full\" alt=\"deteccion-autentificacion-remitente-email-marketing\" \/>\t\t\t\t\t<\/div>\n\t\n\t<div class=\"xpro-post-grid-content\">\n\n\t\t\n\t\t\t\t\t<ul class=\"xpro-post-grid-meta-list\">\n\t\t\t\t\t\t\t\t\t\t\t\t\t\t\t<li class=\"xpro-post-grid-meta-date\">\n\t\t\t\t\t\t\t<i aria-hidden=\"true\" class=\"far fa-calendar\"><\/i>\t\t\t\t\t\t\tmayo 15, 2019\t\t\t\t\t\t<\/li>\n\t\t\t\t\t\t\t\t\t\t\t\t\t\t\t\n\t\t\t\t\t\t\t<\/ul>\n\t\t\n\t\t<a href=\"https:\/\/platiniumhost.com\/blog\/optimiza-tus-correos-con-spf-y-dkim-evita-ser-spam\/\">\n\t\t\t<h2 class=\"xpro-post-grid-title\">Optimiza tus correos con SPF y DKIM Evita ser Spam<\/h2>\n\t\t<\/a>\n\n\t\t\n\t\t\t\t\t<p class=\"xpro-post-grid-excerpt\"><\/p>\n\t\t\t\t\t\t\t\t\t<div class=\"xpro-post-grid-author\">\n\t\t\t\t\t\t\t\t<div class=\"xpro-post-grid-author-content\">\n\t\t\t\t\t\t\t\t\t\t\t<span class=\"xpro-post-grid-author-title\">Autor<\/span>\n\t\t\t\t\t\t\t\t\t\t<a href=\"https:\/\/platiniumhost.com\/blog\/author\/pranet\/\" class=\"xpro-post-grid-author-name\">\n\t\t\t\t\t\tEquipo PlatiniumHost<\/a>\n\t\t\t\t<\/div>\n\t\t\t<\/div>\n\t\t\n\t\t\n\t<\/div>\n<\/div>\n\n<div class=\"cbp-item xpro-post-grid-item\">\n\t\t\t<div class=\"xpro-post-grid-image\">\n\t\t\t<img loading=\"lazy\" decoding=\"async\" width=\"980\" height=\"550\" src=\"https:\/\/platiniumhost.com\/blog\/wp-content\/uploads\/2019\/05\/astronauta.jpeg\" class=\"attachment-full size-full\" alt=\"\" srcset=\"https:\/\/platiniumhost.com\/blog\/wp-content\/uploads\/2019\/05\/astronauta.jpeg 980w, https:\/\/platiniumhost.com\/blog\/wp-content\/uploads\/2019\/05\/astronauta-150x84.jpeg 150w, https:\/\/platiniumhost.com\/blog\/wp-content\/uploads\/2019\/05\/astronauta-300x168.jpeg 300w, https:\/\/platiniumhost.com\/blog\/wp-content\/uploads\/2019\/05\/astronauta-768x431.jpeg 768w, https:\/\/platiniumhost.com\/blog\/wp-content\/uploads\/2019\/05\/astronauta-713x400.jpeg 713w, https:\/\/platiniumhost.com\/blog\/wp-content\/uploads\/2019\/05\/astronauta-370x208.jpeg 370w\" sizes=\"(max-width: 980px) 100vw, 980px\" \/>\t\t\t\t\t<\/div>\n\t\n\t<div class=\"xpro-post-grid-content\">\n\n\t\t\n\t\t\t\t\t<ul class=\"xpro-post-grid-meta-list\">\n\t\t\t\t\t\t\t\t\t\t\t\t\t\t\t<li class=\"xpro-post-grid-meta-date\">\n\t\t\t\t\t\t\t<i aria-hidden=\"true\" class=\"far fa-calendar\"><\/i>\t\t\t\t\t\t\tmayo 13, 2019\t\t\t\t\t\t<\/li>\n\t\t\t\t\t\t\t\t\t\t\t\t\t\t\t\n\t\t\t\t\t\t\t<\/ul>\n\t\t\n\t\t<a href=\"https:\/\/platiniumhost.com\/blog\/que-comeran-y-beberan-los-astronautas-que-vayan-a-marte\/\">\n\t\t\t<h2 class=\"xpro-post-grid-title\">\u00bfQu\u00e9 comer\u00e1n y beber\u00e1n los astronautas que vayan a Marte?<\/h2>\n\t\t<\/a>\n\n\t\t\n\t\t\t\t\t<p class=\"xpro-post-grid-excerpt\">Cada vez se habla m\u00e1s de la posibilidad de llegar a Marte, o de que la NASA establezca una...<\/p>\n\t\t\t\t\t\t\t\t\t<div class=\"xpro-post-grid-author\">\n\t\t\t\t\t\t\t\t<div class=\"xpro-post-grid-author-content\">\n\t\t\t\t\t\t\t\t\t\t\t<span class=\"xpro-post-grid-author-title\">Autor<\/span>\n\t\t\t\t\t\t\t\t\t\t<a href=\"https:\/\/platiniumhost.com\/blog\/author\/pranet\/\" class=\"xpro-post-grid-author-name\">\n\t\t\t\t\t\tEquipo PlatiniumHost<\/a>\n\t\t\t\t<\/div>\n\t\t\t<\/div>\n\t\t\n\t\t\n\t<\/div>\n<\/div>\n\n<div class=\"cbp-item xpro-post-grid-item\">\n\t\t\t<div class=\"xpro-post-grid-image\">\n\t\t\t<img loading=\"lazy\" decoding=\"async\" width=\"610\" height=\"342\" src=\"https:\/\/platiniumhost.com\/blog\/wp-content\/uploads\/2019\/04\/20180409205245_ilargia-argazkia-nasa_foto610x342.jpg\" class=\"attachment-full size-full\" alt=\"\" srcset=\"https:\/\/platiniumhost.com\/blog\/wp-content\/uploads\/2019\/04\/20180409205245_ilargia-argazkia-nasa_foto610x342.jpg 610w, https:\/\/platiniumhost.com\/blog\/wp-content\/uploads\/2019\/04\/20180409205245_ilargia-argazkia-nasa_foto610x342-150x84.jpg 150w, https:\/\/platiniumhost.com\/blog\/wp-content\/uploads\/2019\/04\/20180409205245_ilargia-argazkia-nasa_foto610x342-300x168.jpg 300w, https:\/\/platiniumhost.com\/blog\/wp-content\/uploads\/2019\/04\/20180409205245_ilargia-argazkia-nasa_foto610x342-370x207.jpg 370w\" sizes=\"(max-width: 610px) 100vw, 610px\" \/>\t\t\t\t\t<\/div>\n\t\n\t<div class=\"xpro-post-grid-content\">\n\n\t\t\n\t\t\t\t\t<ul class=\"xpro-post-grid-meta-list\">\n\t\t\t\t\t\t\t\t\t\t\t\t\t\t\t<li class=\"xpro-post-grid-meta-date\">\n\t\t\t\t\t\t\t<i aria-hidden=\"true\" class=\"far fa-calendar\"><\/i>\t\t\t\t\t\t\tabril 4, 2019\t\t\t\t\t\t<\/li>\n\t\t\t\t\t\t\t\t\t\t\t\t\t\t\t\n\t\t\t\t\t\t\t<\/ul>\n\t\t\n\t\t<a href=\"https:\/\/platiniumhost.com\/blog\/la-nasa-enviara-astronautas-a-la-luna-en-2024\/\">\n\t\t\t<h2 class=\"xpro-post-grid-title\">La NASA enviar\u00e1 astronautas a la Luna en 2024<\/h2>\n\t\t<\/a>\n\n\t\t\n\t\t\t\t\t<p class=\"xpro-post-grid-excerpt\">La NASA ha fijado&nbsp;2024&nbsp;como fecha para el retorno de los astronautas estadounidenses a la Luna, con un aterrizaje que...<\/p>\n\t\t\t\t\t\t\t\t\t<div class=\"xpro-post-grid-author\">\n\t\t\t\t\t\t\t\t<div class=\"xpro-post-grid-author-content\">\n\t\t\t\t\t\t\t\t\t\t\t<span class=\"xpro-post-grid-author-title\">Autor<\/span>\n\t\t\t\t\t\t\t\t\t\t<a href=\"https:\/\/platiniumhost.com\/blog\/author\/pranet\/\" class=\"xpro-post-grid-author-name\">\n\t\t\t\t\t\tEquipo PlatiniumHost<\/a>\n\t\t\t\t<\/div>\n\t\t\t<\/div>\n\t\t\n\t\t\n\t<\/div>\n<\/div>\n\n\t\t\t\t<\/div>\n\n\t\t\t\t\n\t\t\t\t\t<nav class=\"xpro-elementor-post-pagination\" role=\"navigation\"\n\t\t\t\t\t\t aria-label=\"Pagination\">\n\t\t\t\t\t\t<span aria-current=\"page\" class=\"page-numbers current\">1<\/span>\n<a class=\"page-numbers\" href=\"https:\/\/platiniumhost.com\/blog\/wp-json\/wp\/v2\/pages\/1728\/page\/2\/\">2<\/a>\n<a class=\"page-numbers\" href=\"https:\/\/platiniumhost.com\/blog\/wp-json\/wp\/v2\/pages\/1728\/page\/3\/\">3<\/a>\n<span class=\"page-numbers dots\">&hellip;<\/span>\n<a class=\"page-numbers\" href=\"https:\/\/platiniumhost.com\/blog\/wp-json\/wp\/v2\/pages\/1728\/page\/21\/\">21<\/a>\n<a class=\"next page-numbers\" href=\"https:\/\/platiniumhost.com\/blog\/wp-json\/wp\/v2\/pages\/1728\/page\/2\/\"><span class=\"xpro-elementor-post-pagination-next-text\">Siguiente<\/span><i class=\"fasfa-arrow-right\"><\/i><\/a>\t\t\t\t\t<\/nav>\n\n\t\t\t\t\t\n\t\t<\/div>\n\n\t\t\t\t\t\t<\/div>\n\t\t\t\t<\/div>\n\t\t\t\t\t<\/div>\n\t\t\t\t<\/div>\n\t\t\t\t<\/div>\n\t\t","protected":false},"excerpt":{"rendered":"<p>mayo 25, 2025 LiteSpeed Cache 7.0 Este 25 de marzo de 2025, se lanz\u00f3 la tan esperada actualizaci\u00f3n del plugin LiteSpeed Cache a su versi\u00f3n&#8230; Autor Redacci\u00f3n mayo 13, 2024 Las ventajas y desventajas de Linux: todo lo que necesitas saber \u00bfEst\u00e1s buscando un sistema operativo alternativo? Linux podr\u00eda ser la respuesta que est\u00e1s buscando&#8230;.<\/p>\n","protected":false},"author":1,"featured_media":0,"parent":0,"menu_order":0,"comment_status":"closed","ping_status":"closed","template":"","meta":{"_monsterinsights_skip_tracking":false,"_monsterinsights_sitenote_active":false,"_monsterinsights_sitenote_note":"","_monsterinsights_sitenote_category":0,"footnotes":""},"class_list":["post-1728","page","type-page","status-publish","hentry"],"_links":{"self":[{"href":"https:\/\/platiniumhost.com\/blog\/wp-json\/wp\/v2\/pages\/1728","targetHints":{"allow":["GET"]}}],"collection":[{"href":"https:\/\/platiniumhost.com\/blog\/wp-json\/wp\/v2\/pages"}],"about":[{"href":"https:\/\/platiniumhost.com\/blog\/wp-json\/wp\/v2\/types\/page"}],"author":[{"embeddable":true,"href":"https:\/\/platiniumhost.com\/blog\/wp-json\/wp\/v2\/users\/1"}],"replies":[{"embeddable":true,"href":"https:\/\/platiniumhost.com\/blog\/wp-json\/wp\/v2\/comments?post=1728"}],"version-history":[{"count":30,"href":"https:\/\/platiniumhost.com\/blog\/wp-json\/wp\/v2\/pages\/1728\/revisions"}],"predecessor-version":[{"id":1862,"href":"https:\/\/platiniumhost.com\/blog\/wp-json\/wp\/v2\/pages\/1728\/revisions\/1862"}],"wp:attachment":[{"href":"https:\/\/platiniumhost.com\/blog\/wp-json\/wp\/v2\/media?parent=1728"}],"curies":[{"name":"wp","href":"https:\/\/api.w.org\/{rel}","templated":true}]}}